se 3) in base 11?
3a3
Convert -1311 (base 4) to base 11.
-a7
What is -4311 (base 7) in base 4?
-113313
What is 22303 (base 9) in base 5?
433301
Convert -142312 (base 6) to base 10.
-13508
What is 113022 (base 4) in base 7?
4215
What is 2003200 (base 4) in base 15?
2761
-5794 (base 12) to base 11
-7373
Convert 19a4 (base 13) to base 16.
f0c
466 (base 7) to base 9
301
Convert -327 (base 12) to base 2.
-111001111
Convert 597 (base 14) to base 10.
1113
Convert 100001 (base 2) to base 14.
25
Convert -11624 (base 7) to base 15.
-d8b
What is -44120 (base 6) in base 13?
-2a0c
14109 (base 12) to base 4
12302121
Convert -4322 (base 5) to base 4.
-21023
549 (base 14) to base 8
2025
What is -10cc4 (base 14) in base 5?
-2302230
Convert 19840 (base 11) to base 6.
331532
What is 2501 (base 6) in base 5?
4423
What is -343 (base 11) in base 9?
-505
What is 404643 (base 7) in base 8?
206475
Convert -101 (base 2) to base 8.
-5
bb2 (base 12) to base 11
1322
Convert 6972 (base 12) to base 15.
3735
Convert 1101101000100000 (base 2) to base 5.
3241330
-81e0 (base 15) to base 6
-331003
-11847 (base 14) to base 5
-2332131
-1cb (base 15) to base 12
-2a8
Convert 1221223 (base 4) to base 2.
1101001101011
373 (base 10) to base 16
175
What is -74a6 (base 12) in base 5?
-402143
d4 (base 14) to base 13
114
What is -21563 (base 9) in base 13?
-6690
-23619 (base 11) to base 10
-34021
What is -3007 (base 11) in base 12?
-2394
-103 (base 7) to base 14
-3a
835 (base 12) to base 2
10010101001
Convert 12121131 (base 4) to base 2.
110011001011101
What is 12617 (base 9) in base 13?
3b56
Convert -28 (base 16) to base 14.
-2c
What is -1313 (base 12) in base 7?
-6225
-51a (base 13) to base 2
-1101100100
Convert 2c67 (base 15) to base 9.
14077
1010212200 (base 3) to base 2
101011111101101
Convert 237 (base 9) to base 16.
c4
-11002112 (base 3) to base 5
-43414
Convert 122310 (base 4) to base 13.
a20
Convert 27013 (base 9) to base 3.
221000110
What is 6638 (base 9) in base 7?
20162
13 (base 10) to base 12
11
575 (base 13) to base 3
1021212
3234 (base 7) to base 13
6a8
What is 33639 (base 12) in base 8?
205315
What is 503335 (base 6) in base 15?
bb3e
-1250c (base 15) to base 13
-2082c
e5b (base 16) to base 6
25003
-10220132 (base 4) to base 13
-8837
Convert -420 (base 16) to base 12.
-740
What is -1243 (base 11) in base 7?
-4503
Convert -aba (base 14) to base 10.
-2124
152 (base 12) to base 13
12b
What is -1332 (base 4) in base 13?
-99
What is 33322 (base 7) in base 9?
12457
b18 (base 15) to base 7
10166
Convert -23131 (base 5) to base 11.
-1285
Convert 5b3 (base 14) to base 12.
7a9
What is 10aa5 (base 15) in base 7?
310415
-1102002001 (base 3) to base 15
-8357
What is -1142 (base 7) in base 9?
-518
Convert -101100111111110 (base 2) to base 14.
-8578
What is -7160 (base 15) in base 14?
-8a20
Convert -2923 (base 11) to base 4.
-323000
-300c (base 13) to base 15
-1e53
What is -3002 (base 4) in base 3?
-21012
Convert -a711 (base 16) to base 7.
-235456
Convert 105504 (base 7) to base 12.
aa43
Convert -46ae (base 15) to base 8.
-35246
Convert 209 (base 15) to base 10.
459
1023002 (base 4) to base 15
1652
Convert 156 (base 12) to base 15.
e0
What is 2220423 (base 5) in base 13?
148c6
What is -24a0 (base 13) in base 5?
-131300
What is -38 (base 13) in base 15?
-32
Convert 2201011 (base 3) to base 11.
1536
Convert -61344 (base 9) to base 8.
-116672
-357e (base 16) to base 10
-13694
-11220212 (base 3) to base 4
-320003
-1c77 (base 15) to base 7
-24016
-4322 (base 12) to base 4
-1303022
Convert -534 (base 8) to base 9.
-426
Convert -7614 (base 13) to base 9.
-24453
Convert 14642 (base 9) to base 3.
111201102
Convert -8382 (base 9) to base 4.
-1200011
-233121 (base 4) to base 8
-5731
What is -1b (base 16) in base 3?
-1000
Convert 623 (base 8) to base 5.
3103
What is 39a1 (base 13) in base 6?
102055
What is 163 (base 14) in base 16?
11b
What is 430024 (base 5) in base 10?
14389
What is -671 (base 15) in base 8?
-2660
Convert 4004 (base 5) to base 16.
1f8
11013113 (base 4) to base 8
50727
What is 77 (base 12) in base 6?
231
334653 (base 7) to base 12
2a400
Convert -893 (base 14) to base 3.
-2022212
Convert 101010111001 (base 2) to base 11.
2076
Convert -3357 (base 11) to base 3.
-20001122
Convert 1000010111100010 (base 2) to base 8.
102742
What is 1012001122 (base 3) in base 10?
23372
Convert -69b7 (base 12) to base 5.
-334203
Convert 5c94 (base 13) to base 3.
200000110
Convert -2312 (base 13) to base 12.
-2a18
Convert -2b849 (base 12) to base 10.
-61689
Convert -3b (base 16) to base 10.
-59
What is -892 (base 10) in base 6?
-4044
Convert 708 (base 9) to base 6.
2355
69d (base 14) to base 4
110203
4112124 (base 5) to base 7
364664
What is -1010110101001 (base 2) in base 15?
-199a
Convert 430 (base 8) to base 12.
1b4
Convert -3286 (base 10) to base 13.
-165a
What is -202311 (base 4) in base 14?
-b53
What is 4767 (base 9) in base 4?
313120
Convert -2b6 (base 16) to base 8.
-1266
Convert -1da (base 16) to base 7.
-1245
Convert -1094 (base 10) to base 5.
-13334
Convert -10104 (base 6) to base 2.
-10100111000
Convert -217 (base 8) to base 2.
-10001111
What is 266 (base 11) in base 12?
222
What is -112111111 (base 3) in base 10?
-10570
1236 (base 13) to base 4
220110
What is 10155 (base 8) in base 10?
4205
-130201 (base 4) to base 14
-945
Convert -20223 (base 4) to base 15.
-270
What is -304 (base 7) in base 4?
-2113
Convert 12122 (base 7) to base 8.
6120
What is 7310 (base 9) in base 13?
258c
What is -735 (base 10) in base 5?
-10420
What is 2477 (base 8) in base 2?
10100111111
-3422 (base 5) to base 2
-111100111
What is 3313 (base 4) in base 14?
139
What is -5560 (base 14) in base 6?
-152240
Convert 3898 (base 13) to base 15.
25cd
a76 (base 11) to base 9
1686
-10030032 (base 5) to base 3
-11001202121
10010011101001 (base 2) to base 11
7110
What is -11d7 (base 15) in base 6?
-25334
What is -526 (base 9) in base 10?
-429
What is 7c7 (base 13) in base 11?
1014
Convert 210110 (base 3) to base 7.
1455
Convert -7518 (base 12) to base 11.
-970a
What is -37 (base 14) in base 13?
-3a
What is 11164 (base 8) in base 4?
1021310
What is 23046 (base 8) in base 4?
2120212
Convert -31210 (base 4) to base 3.
-1012011
What is 13453 (base 6) in base 5?
31441
What is -1000011111111 (base 2) in base 8?
-10377
Convert 224330 (base 6) to base 3.
222020200
Convert -214314 (base 5) to base 14.
-2a0b
What is 101100221 (base 3) in base 7?
31015
Convert -709 (base 11) to base 10.
-856
494 (base 15) to base 12
727
Convert -64ca (base 14) to base 12.
-a102
What is -8820 (base 10) in base 13?
-4026
882 (base 15) to base 11
1498
-15131 (base 6) to base 9
-3301
24643 (base 9) to base 7
66201
5099 (base 11) to base 15
200d
115507 (base 8) to base 5
2233001
What is 1588 (base 12) in base 13?
1214
What is -e23a (base 16) in base 4?
-32020322
What is -111011010 (base 3) in base 9?
-14133
What is 2411 (base 7) in base 12?
622
4244 (base 6) to base 2
1111000100
What is -4c8 (base 13) in base 7?
-2310
What is -101011101 (base 2) in base 15?
-184
Convert 1197d (base 14) to base 9.
65026
Convert 103101 (base 4) to base 11.
a21
-1000111001111001 (base 2) to base 14
-d413
Convert 6215 (base 7) to base 4.
201320
-4170 (base 9) to base 7
-11631
What is 600 (base 7) in base 4?
10212
What is -110010111110110 (base 2) in base 11?
-1867a
-4012 (base 5) to base 14
-283
Convert -364 (base 16) to base 7.
-2350
Convert -16 (base 7) to base 14.
-d
Convert 110 (base 6) to base 13.
33
1000000010 (base 2) to base 8
1002
Convert -23030100 (base 4) to base 8.
-131420
Convert -10000001100000 (base 2) to base 16.
-2060
-1133220 (base 4) to base 13
-2a2a
What is 101001011100 (base 2) in base 16?
a5c
9064 (base 11) to base 4
2330101
Convert 9c16 (base 14) to base 11.
19378
What is -10010000 (base 3) in base 6?
-14300
What is 76 (base 16) in base 11?
a8
2824 (base 12) to base 4
1020130
Convert 267 (base 12) to base 15.
197
What is 14423 (base 5) in base 13?
743
What is 25540 (base 11) in base 6?
441214
What is 11320 (base 4) in base 8?
570
What is -31021111 (base 4) in base 7?
-312661
-21377 (base 10) to base 13
-9965
Convert -117657 (base 8) to base 10.
-40879
What is 3920 (base 11) in base 13?
2428
Convert 11101000 (base 2) to base 7.
451
What is -1203300 (base 4) 